{"id":33,"date":"2021-10-25T17:54:20","date_gmt":"2021-10-25T15:54:20","guid":{"rendered":"http:\/\/paliers95.org\/?page_id=33"},"modified":"2021-10-25T17:54:20","modified_gmt":"2021-10-25T15:54:20","slug":"le-club","status":"publish","type":"page","link":"https:\/\/paliers95.org\/index.php\/le-club\/","title":{"rendered":"Le Club"},"content":{"rendered":"\n<h1 class=\"wp-block-heading\"><\/h1>\n\n\n\n<p>Paliers 95 est une association sportive regroupant des passionn\u00e9s de la plong\u00e9e.<\/p>\n\n\n\n<p>Nous sommes bas\u00e9s \u00e0 Jouy Le Moutier (Val d\u2019Oise). Nous nous entra\u00eenons toutes les semaines en dehors des vacances scolaires.&nbsp; Nous avons la chance d\u2019avoir plusieurs cr\u00e9neaux horaires qui nous permettent d\u2019enseigner la plong\u00e9e sous-marine aux enfants \u00e0 partir de 10 ans, aux \u00e9tudiants et aux adultes avec des s\u00e9ances adapt\u00e9es \u00e0 tous les \u00e2ges et tous les niveaux pour pratiquer l\u2019apn\u00e9e, la nage libre ou avec palmes, masque et tuba ainsi que la pratique du scaphandre. De plus, une fois par mois nous nous rendons \u00e0 la fosse de Villeneuve la Garenne pour parfaire l\u2019enseignement en scaphandre en eau plus profonde.<\/p>\n\n\n\n<p>Pour les plus courageux, des s\u00e9ances de nage en milieu naturel sont pr\u00e9vues \u00e0 la base de loisirs de Cergy-Neuville le dimanche matin lorsque la m\u00e9t\u00e9o le permet, ou pendant les vacances d\u2019\u00e9t\u00e9.<\/p>\n\n\n\n<p>Et bien s\u00fbr nous avons l\u2019occasion de nous retrouver une fois par trimestre en dehors des s\u00e9ances d\u2019entra\u00eenement \u00e0 l\u2019occasion des festivit\u00e9s qui sont organis\u00e9es par notre \u00e9quipe dynamique ou bien lors de sorties plong\u00e9e qui sont toujours des grands moments de convivialit\u00e9.<\/p>\n","protected":false},"excerpt":{"rendered":"<p>Paliers 95 est une association sportive regroupant des passionn\u00e9s de la plong\u00e9e. Nous sommes bas\u00e9s \u00e0 Jouy Le Moutier (Val d\u2019Oise). Nous nous entra\u00eenons toutes les semaines en dehors des vacances scolaires.&nbsp; Nous avons la chance d\u2019avoir plusieurs cr\u00e9neaux horaires qui nous permettent d\u2019enseigner la plong\u00e9e sous-marine aux enfants \u00e0 partir de 10 ans, aux &hellip; <\/p>\n<p class=\"link-more\"><a href=\"https:\/\/paliers95.org\/index.php\/le-club\/\" class=\"more-link\">Continuer la lecture<span class=\"screen-reader-text\"> de &laquo;&nbsp;Le Club&nbsp;&raquo;<\/span><\/a><\/p>\n","protected":false},"author":1,"featured_media":0,"parent":0,"menu_order":0,"comment_status":"closed","ping_status":"closed","template":"","meta":{"om_disable_all_campaigns":false,"_monsterinsights_skip_tracking":false,"_monsterinsights_sitenote_active":false,"_monsterinsights_sitenote_note":"","_monsterinsights_sitenote_category":0,"footnotes":""},"class_list":["post-33","page","type-page","status-publish","hentry"],"aioseo_notices":[],"_links":{"self":[{"href":"https:\/\/paliers95.org\/index.php\/wp-json\/wp\/v2\/pages\/33","targetHints":{"allow":["GET"]}}],"collection":[{"href":"https:\/\/paliers95.org\/index.php\/wp-json\/wp\/v2\/pages"}],"about":[{"href":"https:\/\/paliers95.org\/index.php\/wp-json\/wp\/v2\/types\/page"}],"author":[{"embeddable":true,"href":"https:\/\/paliers95.org\/index.php\/wp-json\/wp\/v2\/users\/1"}],"replies":[{"embeddable":true,"href":"https:\/\/paliers95.org\/index.php\/wp-json\/wp\/v2\/comments?post=33"}],"version-history":[{"count":1,"href":"https:\/\/paliers95.org\/index.php\/wp-json\/wp\/v2\/pages\/33\/revisions"}],"predecessor-version":[{"id":34,"href":"https:\/\/paliers95.org\/index.php\/wp-json\/wp\/v2\/pages\/33\/revisions\/34"}],"wp:attachment":[{"href":"https:\/\/paliers95.org\/index.php\/wp-json\/wp\/v2\/media?parent=33"}],"curies":[{"name":"wp","href":"https:\/\/api.w.org\/{rel}","templated":true}]}}