{"id":86,"date":"2021-10-25T22:16:51","date_gmt":"2021-10-25T20:16:51","guid":{"rendered":"http:\/\/paliers95.org\/?page_id=86"},"modified":"2021-10-25T22:16:51","modified_gmt":"2021-10-25T20:16:51","slug":"formations","status":"publish","type":"page","link":"https:\/\/paliers95.org\/index.php\/formations\/","title":{"rendered":"Formations"},"content":{"rendered":"\n<h1 class=\"wp-block-heading\"><\/h1>\n\n\n\n<h1 class=\"wp-block-heading\">Les formations dispens\u00e9es au club<\/h1>\n\n\n\n<p>Pour le d\u00e9butant, l\u2019objectif naturel consiste \u00e0 pr\u00e9parer les \u00e9preuves du niveau 1.<\/p>\n\n\n\n<p>Conditions essentielles : s\u2019astreindre \u00e0 un entra\u00eenement r\u00e9gulier et \u00e0 une pr\u00e9sence aux quelques s\u00e9ances de th\u00e9orie. L\u2019absence peut provoquer bien des d\u00e9convenues en fin d\u2019ann\u00e9e. Les \u00e9preuves et les questions sont simples, encore faut-il savoir ! Pour savoir, il faut venir et apprendre.<\/p>\n\n\n\n<p>Cette r\u00e8gle reste valable pour les autres plongeurs confirm\u00e9s qui pr\u00e9parent un autre niveau ou une autre&nbsp;<strong>formation<\/strong>.<\/p>\n\n\n\n<p>Nous proposons les formations suivantes : (le programme f\u00e9d\u00e9ral pour chaque niveau peut \u00eatre visualis\u00e9 en cliquant sur le niveau choisi)<\/p>\n\n\n\n<ul class=\"wp-block-list\"><li>Plongeur de bronze, argent et or pour la section enfants<\/li><li><a href=\"http:\/\/www.ffessm.fr\/gestionenligne\/manuel\/04_Plongeur_niveau_1.pdf\">Plongeur N1<\/a><\/li><li><a href=\"http:\/\/www.ffessm.fr\/gestionenligne\/manuel\/06_Plongeur_niveau_2.pdf\">Plongeur N2<\/a><\/li><li><a href=\"http:\/\/www.ffessm.fr\/gestionenligne\/manuel\/09_Plongeur_niveau_3.pdf\">Plongeur N3<\/a><\/li><li><a href=\"http:\/\/www.ffessm.fr\/gestionenligne\/manuel\/10_Guide_de_Palanquee_N4.pdf\">Plongeur N4<\/a><\/li><li><strong>Formation<\/strong>&nbsp;<a href=\"http:\/\/www.ffessm.fr\/gestionenligne\/manuel\/13_Initiateur.pdf\">initiateur<\/a>&nbsp;(participation aux sessions annuelles organis\u00e9es par le CODEP&nbsp;<strong>95<\/strong>)<\/li><\/ul>\n\n\n\n<p>ainsi que plusieurs activit\u00e9s :<\/p>\n\n\n\n<ul class=\"wp-block-list\"><li><strong>Formation<\/strong>&nbsp;RIFAP (secourisme)<\/li><li>Connaissance du mat\u00e9riel<\/li><li>Biologie marine<\/li><li><strong>Formation<\/strong>&nbsp;NITROX<\/li><li>Nage avec palmes<\/li><\/ul>\n\n\n\n<p>Toutefois, pour chacune de ces formations et activit\u00e9s, un nombre minimum de participants est obligatoire pour qu\u2019elles puissent avoir lieu au sein du club.<\/p>\n\n\n\n<p>Si le nombre de participants requis n\u2019est pas atteint, nous proposerons de rejoindre la&nbsp;<strong>formation<\/strong>&nbsp;soit du Comit\u00e9 D\u00e9partemental du Val d\u2019Oise, soit celle d\u2019un club de plong\u00e9e ami.<\/p>\n","protected":false},"excerpt":{"rendered":"<p>Les formations dispens\u00e9es au club Pour le d\u00e9butant, l\u2019objectif naturel consiste \u00e0 pr\u00e9parer les \u00e9preuves du niveau 1. Conditions essentielles : s\u2019astreindre \u00e0 un entra\u00eenement r\u00e9gulier et \u00e0 une pr\u00e9sence aux quelques s\u00e9ances de th\u00e9orie. L\u2019absence peut provoquer bien des d\u00e9convenues en fin d\u2019ann\u00e9e. Les \u00e9preuves et les questions sont simples, encore faut-il savoir ! &hellip; <\/p>\n<p class=\"link-more\"><a href=\"https:\/\/paliers95.org\/index.php\/formations\/\" class=\"more-link\">Continuer la lecture<span class=\"screen-reader-text\"> de &laquo;&nbsp;Formations&nbsp;&raquo;<\/span><\/a><\/p>\n","protected":false},"author":1,"featured_media":0,"parent":0,"menu_order":0,"comment_status":"closed","ping_status":"closed","template":"","meta":{"om_disable_all_campaigns":false,"_monsterinsights_skip_tracking":false,"_monsterinsights_sitenote_active":false,"_monsterinsights_sitenote_note":"","_monsterinsights_sitenote_category":0,"footnotes":""},"class_list":["post-86","page","type-page","status-publish","hentry"],"aioseo_notices":[],"_links":{"self":[{"href":"https:\/\/paliers95.org\/index.php\/wp-json\/wp\/v2\/pages\/86","targetHints":{"allow":["GET"]}}],"collection":[{"href":"https:\/\/paliers95.org\/index.php\/wp-json\/wp\/v2\/pages"}],"about":[{"href":"https:\/\/paliers95.org\/index.php\/wp-json\/wp\/v2\/types\/page"}],"author":[{"embeddable":true,"href":"https:\/\/paliers95.org\/index.php\/wp-json\/wp\/v2\/users\/1"}],"replies":[{"embeddable":true,"href":"https:\/\/paliers95.org\/index.php\/wp-json\/wp\/v2\/comments?post=86"}],"version-history":[{"count":1,"href":"https:\/\/paliers95.org\/index.php\/wp-json\/wp\/v2\/pages\/86\/revisions"}],"predecessor-version":[{"id":87,"href":"https:\/\/paliers95.org\/index.php\/wp-json\/wp\/v2\/pages\/86\/revisions\/87"}],"wp:attachment":[{"href":"https:\/\/paliers95.org\/index.php\/wp-json\/wp\/v2\/media?parent=86"}],"curies":[{"name":"wp","href":"https:\/\/api.w.org\/{rel}","templated":true}]}}